= 9 + s. What is the tens digit of v?
1
Let t be ((-6)/18)/((-1)/141). Suppose z - 2*z + 30 = 0. Let y = t - z. What is the tens digit of y?
1
Let p = -37 + 22. What is the units digit of 6/3 + -2 - p?
5
Let j = -51 - -125. What is the units digit of j?
4
Let t(k) = 2*k + 2 - 5 - 1. Suppose -5*b - 2*j + 23 = 0, 3*j - 7*j + 25 = 3*b. What is the units digit of t(b)?
2
Let z = -11 - 9. Let l be -3*z/6*2. Suppose -4*m + 2*m = -l. What is the units digit of m?
0
Let b(n) be the first derivative of -5*n**4/4 - n**3/3 + n**2/2 - n + 2. What is the tens digit of b(-2)?
3
Let c = 8 - 5. Suppose 0*a + 10 = 5*a + 2*m, -5*a + 10 = c*m. Suppose 0 = -0*w - a*w + 14. What is the units digit of w?
7
Suppose 0 = 3*v - 9 - 0, 0 = 2*d - 3*v + 5. Suppose -5*g - a - d*a = -79, 5*a = 3*g - 27. What is the units digit of g?
4
Let r be -4 + 2 + 5/1. Let l(x) = x - 3. Let y be l(r). Let t = 1 + y. What is the units digit of t?
1
Let z be (-2 - 11/(-2))*2. Suppose 0 = -3*m + z + 23. What is the units digit of m?
0
Suppose -384 = -2*a + 42. Let t be 6/30 - 148/(-10). What is the tens digit of a/t + (-2)/10?
1
What is the units digit of (-1 + -3)/(4*(-6)/1104)?
4
Let v(u) = -30*u + 3. What is the units digit of v(-6)?
3
Suppose -4*y = -y - c - 11, -2*c = -2*y + 2. Suppose -y*j + 2 = -n - 88, -5 = -n. What is the tens digit of j?
1
Suppose -3*n = -0*n - 45. What is the tens digit of n?
1
Suppose -2*k - k = -63. What is the tens digit of k?
2
Let z = 1 + -3. Let f be -4*3/(-6)*1. What is the units digit of 11/f - (-1)/z?
5
Let j(n) = n**2 + 9*n. Let h be j(-9). Suppose 0*b + b - 12 = h. What is the tens digit of b?
1
Let g = 41 + -60. Let p = g + 32. What is the units digit of p?
3
Let b = 6 - -70. What is the units digit of b?
6
Suppose -16 = -i - b - 0*b, -3*i + 53 = 4*b. Let n = i - 7. Suppose -l + 2*y - n*y + 8 = 0, -54 = -5*l + 4*y. What is the units digit of l?
0
Let g = -6 + 8. Suppose g*i = -2*u - 3*u + 16, -4*u = -8. What is the units digit of i?
3
Suppose 11*g - 6*g - 825 = 0. What is the tens digit of g?
6
Let q = 36 - 8. What is the tens digit of q?
2
Suppose 3*d - 5*d = 0. Suppose -y + r = 2, -4*y + d*r + 7 = -r. What is the units digit of 2*9/6*y?
9
Suppose -8 = 4*y, 2*y - y - 378 = -4*x. What is the units digit of x?
5
Let q be (-26)/(-22) + (-10)/55. Let w be -2 + (q - 1) - -2. Suppose -2 = -w*x - 2*x. What is the units digit of x?
1
What is the units digit of (-1 + -7)*(-25)/5?
0
Suppose -3*n = -s - 43, -54 = -3*n + 5*s - 19. What is the tens digit of n?
1
Let v(s) = -s**2 - s + 3. Let m(d) = d + 3. Let b be m(-3). Let h be v(b). Suppose -5*r = -2*k - r + 30, -r = h*k - 10. What is the units digit of k?
5
Let g be -28*3*(-1)/(-3). Let u = -20 - g. What is the units digit of u?
8
Suppose 3*h + 0*t - 3 = -5*t, 0 = -2*t. Let a be (h*-7)/(0 - 1). Let f = 12 - a. What is the units digit of f?
5
Suppose 0 = -9*u - 12 + 714. What is the units digit of u?
8
Let m = 300 - 130. What is the hundreds digit of m?
1
Let m(d) = d**2 + 7*d + 7. Suppose -2*a - 2*r - 22 = 0, r = -4*a - 10 - 31. What is the units digit of m(a)?
7
Let l = -14 + 37. What is the tens digit of l?
2
Suppose -4*i + 120 = 2*d, i - 5*d = -3 + 11. What is the tens digit of i?
2
Suppose 0*g + 6 = 3*g. Suppose 3*f = -2*u - g*u - 11, 0 = 4*f + 5*u + 13. What is the units digit of f?
3
What is the tens digit of (-3 - -12)/(1/11)?
9
Suppose -3*u - 2*q - 96 = -3*q, 2*u = -3*q - 75. Let g = -23 - u. What is the tens digit of g?
1
Let l(d) = 21*d**2 - 3*d + 2. What is the units digit of l(1)?
0
What is the units digit of 2/5*5 + 1*236?
8
Let u(t) = -t**3 - 2*t**2 + 3*t - 5. Let q be u(-4). Suppose 51 = 4*p + q. What is the units digit of p?
9
Let m(i) = -2*i + 2. Let d be m(-2). Suppose -r + 60 = -d*r. What is the tens digit of (-6)/r*(23 + -1)?
1
Let c(k) = -k**3 - 7*k**2 - 6*k + 6. Let g(z) = -z**3 + 6*z**2 + 7*z - 6. Let t be 4*(1 + 6/8). Let u be g(t). What is the units digit of c(u)?
6
Let z = -223 + 377. What is the hundreds digit of z?
1
Let z = -8 + 11. Suppose z*g - 38 = -2. What is the units digit of g?
2
Let x(k) be the third derivative of k**4/12 + 5*k**3/6 - k**2. What is the units digit of x(4)?
3
Let q = -26 + 46. Let m = q + -10. What is the units digit of m?
0
Let p = 12 - 2. What is the units digit of p?
0
Let x = 5 - 3. Suppose 68 = 5*h - x. What is the units digit of h?
4
Let x(a) = -a - 15. Let m be x(-9). Let o = m + 9. What is the units digit of o?
3
Suppose 2*t + 3*t = 170. What is the tens digit of t?
3
Let w(f) be the first derivative of f**4/4 + 4*f**3/3 - 5*f**2/2 + 5*f - 1. Suppose 5*u + 23 = i - 1, -2*i - 2 = 0. What is the units digit of w(u)?
5
Let u(o) = o**2 - 11*o + 10. Let r be u(9). Let j = 20 + r. What is the tens digit of j?
1
Let r be 3/(-6) - (-29)/2. What is the units digit of (40/r)/(4/14)?
0
Suppose -4*m = 2*i - 8, 0*m + 6 = 3*i + 3*m. Let b be (i - 1)/(2/(-14)). Let v = -1 + b. What is the units digit of v?
6
Suppose 4*d - 9 = -u + 5, -4*d = -4*u + 16. What is the units digit of 1 - u/(-3) - -2?
5
Suppose -3*u + 79 + 80 = 0. What is the tens digit of u?
5
Let c(l) = -3*l - 2 + l**2 + 4*l**2 - 6*l**2 + 2*l**2. Let y = 11 - 7. What is the units digit of c(y)?
2
Let g = 21 + 5. What is the units digit of g?
6
Let g(s) = 6*s - 1. Let v be g(6). Let n = v - 21. What is the units digit of n?
4
Suppose -2*c = 2*d + 2, -2*c - 7 = 4*d - c. What is the tens digit of 7/d*(-408)/42?
3
Let c(z) be the second derivative of 3*z**3/2 + z**2 - 4*z. What is the units digit of c(3)?
9
Suppose 5*m - 4 = 651. What is the units digit of m?
1
Let v = -123 - -238. What is the tens digit of v?
1
Let u(l) = l**3 - 2*l**2 - l. Let z be u(2). Let y = z - -4. What is the units digit of y?
2
Let k(m) = m**3 + 7*m**2 + 6*m + 2. Let g be k(-6). What is the units digit of (-3 + 4)/(g/12)?
6
Suppose 3*z - m = 102, 3*m = -z - m + 21. What is the tens digit of z?
3
Let x(s) = 21*s - 20. What is the hundreds digit of x(9)?
1
Let i = -27 - -55. What is the units digit of i?
8
Suppose 2*m - 27 = -3*l + 28, 4*m - 3*l - 155 = 0. What is the units digit of m?
5
Let a(g) = -g**2 + 2*g + 1. Let j be a(2). What is the tens digit of (1 + -2)/(j/(-25))?
2
Suppose 0 = -2*k + 3*l + 82, 0 = 5*k + 3*l + 12 - 175. What is the units digit of k?
5
What is the tens digit of (418/6)/(4/12)?
0
Let c = 169 + -62. What is the tens digit of c?
0
Let k be (1 - 0/3) + 1. Let f = 9 - k. What is the units digit of f?
7
Suppose -5*y + q + 233 = -2*q, 3*y + 2*q = 136. What is the units digit of y?
6
Let m = -24 - -43. What is the units digit of m?
9
Let b = 14 + -13. What is the tens digit of 24 + (5 - (b + 2))?
2
Suppose -7*d + 2*d + 10 = 0. Suppose 3*i - 1 = -d*k - 0*i, -i = -2*k + 5. What is the units digit of ((-12)/k)/((-1)/1)?
6
Suppose 3*x - 61 = -5*a, 4*a = -11 + 31. Let v = -8 + x. Suppose 0*r - 54 = -5*g + 4*r, v*g - 41 = r. What is the units digit of g?
0
Suppose 5*n = 67 + 238. What is the units digit of n?
1
Let a(f) = 2*f**2 - 13*f + 2. Let j be a(10). Suppose 4*r - 26 = -2*w, -4*w - 2*r = -4*r - j. What is the tens digit of w?
1
Let f = -5 + 5. Suppose 5*z + f = 15. Suppose -z*o + 25 = -5. What is the units digit of o?
0
What is the tens digit of (-23 + 2)/(-3*(-1)/(-2))?
1
Suppose 4*i - 477 = 2*i + 5*u, 0 = i + 5*u - 216. What is the units digit of i?
1
Let g = 0 + 2. Suppose g*t = -2*r + 2, 5*r - 3*t - 22 - 7 = 0. What is the units digit of (-2)/r + (-36)/(-8)?
4
Let x = 556 - 385. What is the tens digit of x?
7
Let q(a) = a**3 - 4*a**2 - 4*a - 1. Let i be q(5). Suppose -p - 58 + 14 = -3*v, -i*v = 3*p - 37. What is the tens digit of v?
1
Let q(w) = -3*w**3 + 6*w**2 - 4*w - 1. Let s(v) = -16*v**3 + 30*v**2 - 20*v - 5. Let g(o) = 11*q(o) - 2*s(o). What is the units digit of g(5)?
4
Let j be 1*4 + -2 + 1. Suppose j*k - 33 + 9 = 0. Let n = 13 - k. What is the units digit of n?
5
Let y(v) = -v + 3. Let f be y(-9). Suppose -4*x - 3*k = 23 - 0, -4*k = -f. Let a = 11 + x. What is the units digit of a?
3
Let u(p) be the first derivative of -p**2/2 + 2*p - 2. What is the units digit of u(-6)?
8
Let m(r) = -138*r - 7. What is the tens digit of m(-1)?
3
Suppose 2*y - 46 = 22. Suppose -f + 3*f - 4*l = y, 4*f - 52 = 4*l. Suppose 3*k = 2*k + 3*w + f, 4*k + 4*w - 52 = 0. What is the tens digit of k?
1
Let x be -2*2*(-2)/2